actor of 9832 and 38232.
8
Calculate the highest common divisor of 9366225 and 825.
825
Calculate the greatest common factor of 6137994420 and 415.
415
Calculate the highest common factor of 15 and 1584015.
15
What is the greatest common divisor of 1248 and 5946?
6
Calculate the greatest common divisor of 4 and 3734088.
4
What is the highest common factor of 2611455 and 28215?
3135
Calculate the greatest common divisor of 7 and 58168397.
7
What is the highest common divisor of 18343450 and 280?
10
What is the greatest common divisor of 38777 and 17867?
17
Calculate the greatest common divisor of 216982 and 21256048.
4094
What is the greatest common factor of 83193 and 101790417?
7563
Calculate the highest common divisor of 19734 and 33132.
66
What is the greatest common factor of 604912 and 39501?
77
Calculate the greatest common factor of 8142717 and 66057.
681
Calculate the greatest common factor of 3522650 and 19150.
50
What is the highest common divisor of 2009092 and 13837?
101
What is the greatest common factor of 6664 and 1448440?
392
What is the highest common factor of 62280 and 1942790?
1730
Calculate the greatest common factor of 2613 and 5534133.
201
What is the greatest common factor of 42 and 27934886?
14
Calculate the greatest common factor of 6710 and 81679.
61
What is the highest common divisor of 1808 and 39304112?
1808
Calculate the highest common factor of 1684807 and 67479.
271
What is the greatest common divisor of 720 and 43288416?
144
What is the greatest common factor of 1612812 and 1500?
12
What is the greatest common factor of 11258072 and 224?
56
What is the greatest common factor of 8377763 and 636?
53
Calculate the greatest common factor of 48 and 5003840.
16
What is the greatest common factor of 27621 and 10303524?
891
What is the highest common factor of 1892128 and 25760?
224
Calculate the highest common divisor of 544046 and 48650.
278
Calculate the highest common divisor of 172536 and 65000.
104
Calculate the highest common divisor of 10008 and 20550872.
1112
What is the highest common factor of 1889 and 144121255?
1889
What is the highest common divisor of 3560510 and 185?
185
Calculate the greatest common factor of 1995650 and 1503310.
2390
What is the greatest common divisor of 1027 and 82183621?
1027
Calculate the highest common divisor of 4085 and 66205.
5
What is the highest common divisor of 60 and 767838?
6
What is the highest common factor of 189563 and 19228?
209
Calculate the greatest common divisor of 1127574 and 12768.
798
What is the highest common factor of 86944 and 550561?
11
What is the highest common divisor of 576378 and 1092690?
1278
Calculate the highest common factor of 11968878 and 12384.
258
Calculate the greatest common factor of 15920 and 2928285.
995
What is the greatest common divisor of 140 and 659375780?
140
What is the highest common factor of 170947559 and 170212?
6079
What is the highest common divisor of 5447858 and 78?
26
What is the greatest common divisor of 70680 and 205995?
465
Calculate the highest common divisor of 105831 and 5006127.
3207
Calculate the highest common factor of 225700 and 3515.
185
What is the highest common factor of 100868 and 109022?
302
Calculate the greatest common factor of 735 and 63265615.
245
What is the greatest common divisor of 42 and 11915922?
6
Calculate the highest common factor of 160 and 225664.
32
What is the highest common factor of 390519 and 171?
9
What is the highest common factor of 312 and 17056936?
104
What is the greatest common divisor of 17743104 and 36693?
4077
What is the greatest common factor of 292297 and 126431?
239
Calculate the greatest common factor of 1465 and 14359930.
1465
Calculate the highest common factor of 731378281 and 2879.
2879
Calculate the highest common factor of 15458 and 81.
1
Calculate the greatest common factor of 29894950 and 50.
50
Calculate the greatest common divisor of 78741 and 2457.
117
What is the greatest common divisor of 57491953 and 238923?
8849
What is the greatest common factor of 3908785 and 949?
73
What is the highest common factor of 260286 and 487014?
282
What is the greatest common factor of 190176 and 13713?
21
Calculate the greatest common divisor of 225 and 82173600.
225
Calculate the highest common divisor of 44674257 and 69.
69
What is the highest common divisor of 426219 and 127317?
93
Calculate the greatest common divisor of 3114 and 8005575.
519
Calculate the highest common divisor of 25064 and 2928632.
1928
Calculate the highest common factor of 19056748 and 40.
4
Calculate the highest common divisor of 6 and 34895418.
6
Calculate the greatest common factor of 1280100 and 49215.
255
Calculate the highest common divisor of 51 and 1115575530.
51
Calculate the greatest common factor of 30788 and 2853260.
716
Calculate the greatest common divisor of 6747 and 2246059.
173
Calculate the greatest common factor of 37487065 and 1925.
385
Calculate the highest common divisor of 34275525 and 2850.
1425
What is the greatest common divisor of 7098 and 14386463?
1183
What is the greatest common factor of 608 and 3445472?
32
What is the highest common divisor of 6296727 and 6?
3
What is the greatest common factor of 585 and 1586195?
65
Calculate the greatest common factor of 60 and 204136340.
20
Calculate the greatest common factor of 677766 and 2580.
258
Calculate the greatest common divisor of 62 and 21297713.
31
Calculate the greatest common divisor of 799 and 1006196.
17
What is the greatest common divisor of 2050725 and 2400?
75
What is the greatest common divisor of 143453 and 716263?
167
What is the highest common factor of 28 and 1299737026?
14
What is the highest common divisor of 31904116 and 912?
76
What is the highest common divisor of 63 and 302331339?
9
What is the greatest common factor of 590 and 15168760?
10
Calculate the highest common factor of 3295163 and 216367.
3547
What is the greatest common divisor of 5108997 and 2368?
37
What is the highest common factor of 172 and 2333954?
86
Calculate the greatest common divisor of 1938 and 3877026.
114
Calculate the greatest common factor of 216 and 1385001.
9
Calculate the highest common factor of 1755050020 and 4.
4
What is the greatest common divisor of 40 and 2068790?
10
What is the highest common divisor of 10605273 and 63?
21
Calculate the highest common factor of 77439528 and 6624.
1656
What is the highest common divisor of 215872189 and 93?
31
What is the highest common factor of 220011 and 703538?
1243
Calculate the greatest common factor of 104 and 45682676.
52
What is the greatest common divisor of 260416 and 850421?
4069
What is the highest common factor of 7878269 and 3577?
49
What is the greatest common factor of 1181154 and 12426?
114
Calculate the highest common factor of 4435452 and 756.
756
What is the highest common factor of 531148116 and 228?
228
Calculate the highest common factor of 11357 and 415223.
277
What is the greatest common factor of 10857 and 48712257?
1551
Calculate the highest common factor of 2 and 13891183.
1
What is the highest common divisor of 2443365 and 13433480?
10055
What is the highest common factor of 1441 and 1131447?
131
What is the highest common factor of 15518 and 246837067?
7759
What is the greatest common factor of 19288 and 11768?
8
Calculate the highest common factor of 8016 and 1377648464.
2672
Calculate the highest common factor of 630 and 29607858.
126
Calculate the greatest common divisor of 64 and 620284.
4
Calculate the highest common factor of 24479890 and 1940.
970
What is the greatest common divisor of 5695155 and 20140?
95
Calculate the greatest common factor of 86302965 and 1428.
357
Calculate the greatest common factor of 1314 and 12392334.
1314
What is the highest common divisor of 2156 and 1903699?
49
Calculate the highest common factor of 37026421 and 76.
19
Calculate the greatest common factor of 155320890 and 30.
30
Calculate the greatest common factor of 18999 and 185.
1
What is the greatest common divisor of 280194 and 9371692?
2278
What is the greatest common factor of 675906 and 3192?
798
What is the highest common factor of 30 and 84061095?
15
Calculate the greatest common factor of 611 and 6677525.
47
Calculate the highest common factor of 14